at is g(28)?
3377
Let m(t) = -21*t**3 - 113*t**2 - 61*t - 109. Determine m(-5).
-4
Let j(c) = -49*c**2 + 966*c - 258. What is j(19)?
407
Let g(b) = 4*b**2 - 3120*b - 93851. What is g(809)?
-7
Let s(a) = -6039*a - 18581. Determine s(-3).
-464
Let w(m) = -4*m**3 - 3*m**2 - 14*m + 99. Determine w(3).
-78
Let c(g) = 117*g - 17062. What is c(144)?
-214
Let v(r) = -2*r**2 - 686*r - 17082. What is v(-27)?
-18
Let i(u) = -6*u**2 + 81*u - 291. Give i(5).
-36
Let u(d) = 5*d**2 - 264*d + 83. Determine u(53).
136
Let r(j) = 4*j**3 + 213*j**2 - 408*j - 1398. What is r(-55)?
-133
Let y(v) = 3*v**3 + 56*v**2 + 299*v + 5. Give y(-6).
-421
Let z(y) = -15*y**2 - 394*y + 4136. Give z(8).
24
Let r(m) = 61*m**2 + 6050*m + 50416. Determine r(-90).
16
Let i(w) = w**2 + 167*w + 8504. Determine i(-88).
1552
Let s(k) = 15340*k - 4448574. Determine s(290).
26
Let j(b) = -856*b - 202035. Calculate j(-236).
-19
Let t(b) = 29437*b + 4592170. What is t(-156)?
-2
Let k(g) = 267*g - 7711. Calculate k(29).
32
Let d(l) = 31985*l + 1311246. Calculate d(-41).
-139
Let v(y) = -y**3 - 1011*y**2 + 7145*y + 54. What is v(7)?
187
Let c(o) = o**3 + 28*o**2 + 52*o - 117. Calculate c(-26).
-117
Let z(a) = 3*a**2 + 16100*a + 1858033. Determine z(-118).
5
Let h(r) = -7*r**3 - 848*r**2 - 124*r - 362. What is h(-121)?
1
Let i(h) = -42125*h - 842421. Determine i(-20).
79
Let a(b) = b**3 + 2864*b**2 + 14128*b - 843. Give a(-5).
-8
Let x(f) = 4*f**2 + 291*f + 2422. Determine x(-62).
-244
Let d(x) = 6*x**3 + 295*x**2 - 865*x + 2. What is d(3)?
224
Let u(m) = -46*m**2 + 153*m + 73. What is u(9)?
-2276
Let d(m) = 2286*m + 100599. Calculate d(-44).
15
Let s(c) = -116*c**2 - 406*c - 407. Give s(-1).
-117
Let d(f) = -79*f - 11955. Calculate d(-152).
53
Let t(j) = 19*j**2 + 545*j + 143. What is t(-29)?
317
Let l(b) = -7817*b - 70383. Determine l(-9).
-30
Let q(x) = 25*x**2 - 33*x + 212. What is q(-11)?
3600
Let c(g) = 375*g**2 - 1278*g + 3812. What is c(3)?
3353
Let t(b) = -6568*b - 44947. Give t(-7).
1029
Let t(l) = l**3 + 69*l**2 - 98*l - 1972. Give t(-70).
-12
Let y(h) = h**3 + 29*h**2 - 626*h - 18315. Give y(-28).
-3
Let a(c) = 6*c**2 - 4361*c - 13084. Give a(-3).
53
Let b(a) = -a**2 - 65751*a - 262979. Calculate b(-4).
9
Let o(t) = -t**3 + 5*t**2 + 4159*t + 12454. Give o(-3).
49
Let k(a) = 144*a**2 - 866*a - 3467. What is k(-4)?
2301
Let q(x) = -2177*x**2 + 78372*x - 105. Give q(36).
-105
Let s(v) = 3*v**2 + 661*v + 1297. Calculate s(-2).
-13
Let s(p) = -10794*p + 1241321. Determine s(115).
11
Let w(k) = 7*k**3 + 593*k**2 + 5097*k - 209. Give w(-75).
16
Let p(h) = 170*h**2 - 6133*h + 465. Calculate p(36).
-3
Let z(g) = g**2 + 23730*g - 213666. Give z(9).
-15
Let x(r) = -r**3 + r**2 - 4377*r + 21986. Determine x(5).
1
Let t(n) = 11119*n - 2045717. What is t(184)?
179
Let a(n) = -24561*n + 319157. Determine a(13).
-136
Let a(b) = 29142*b + 6877537. Determine a(-236).
25
Let w(q) = -2*q**2 + 770*q - 17362. Determine w(24).
-34
Let n(x) = -1258*x + 691896. Calculate n(550).
-4
Let a(k) = -92*k**2 + 343*k - 52. Calculate a(4).
-152
Let z(v) = v**2 - 94*v - 8602. What is z(-57)?
5
Let s(j) = j**3 + 98*j**2 - 1697*j + 86. Calculate s(-113).
312
Let n(t) = -t**3 - t**2 - 107*t - 33. Determine n(0).
-33
Let y(r) = -9167828*r - 9167825. What is y(-1)?
3
Let r(j) = 2*j**3 + 10*j**2 - 16722*j - 50193. Calculate r(-3).
9
Let o(t) = 2*t**3 - 456*t**2 - 943*t + 5276. Determine o(230).
-14
Let y(m) = -16*m**2 - 3083*m - 5148. What is y(-191)?
9
Let k(t) = 292*t + 29124. Determine k(-100).
-76
Let k(r) = 135*r - 16145. Calculate k(119).
-80
Let x(q) = -q**3 + 50*q**2 + 4582*q + 1081. Calculate x(-47).
0
Let k(x) = -151*x**2 - 722*x - 10. What is k(-4)?
462
Let g(u) = -5105*u - 10369. Determine g(-2).
-159
Let z(d) = 6*d**2 + 218*d - 71728. Determine z(-129).
-4
Let m(r) = 4*r**2 - 262*r - 585. Calculate m(68).
95
Let f(p) = 2*p**3 + 36*p**2 + 277*p + 5105. What is f(-18)?
119
Let h(r) = -2246*r + 1711897. Give h(762).
445
Let b(r) = 13*r**3 - 4956*r**2 + 1142*r + 383. Determine b(381).
2
Let r(p) = 26658*p + 239945. Give r(-9).
23
Let l(z) = -2312*z - 20763. Determine l(-9).
45
Let q(h) = -2*h**3 + 8*h**2 - 2770*h + 5531. Give q(2).
7
Let i(y) = -47*y**2 - 2242*y + 18043. Calculate i(8).
-2901
Let f(x) = -4*x**2 + 16*x + 3888. Calculate f(36).
-720
Let a(o) = 2986*o - 12009. Give a(4).
-65
Let x(h) = -5465*h - 114759. Calculate x(-21).
6
Let l(p) = -49506*p + 2128760. Determine l(43).
2
Let i(t) = t**3 - 15*t**2 + 13*t - 46. Give i(15).
149
Let p(y) = 5103*y - 3725191. Determine p(730).
-1
Let z(j) = 2*j**2 + 286*j - 7781. Calculate z(-166).
-145
Let j(n) = -4*n**3 + 49*n**2 - 75*n + 199. Calculate j(11).
-21
Let w(l) = -2631*l + 1654895. Determine w(629).
-4
Let r(a) = 634*a + 43177. Calculate r(-68).
65
Let v(x) = -78325*x + 1331542. Determine v(17).
17
Let m(w) = w**2 + 818*w + 6466. Determine m(-8).
-14
Let x(p) = -42*p**2 + 1966*p - 1612. What is x(46)?
-48
Let d(h) = 14*h**3 - 247*h**2 + 247*h - 1599. Calculate d(17).
-1
Let f(t) = -t**3 + 59*t**2 + 200*t + 43. Give f(-3).
1
Let q(g) = 2*g**2 + 10*g - 151834. Determine q(273).
-46
Let j(l) = 4568*l - 1434370. Give j(314).
-18
Let j(w) = -3*w**3 - 3*w**2 + 70*w + 129. Give j(-7).
521
Let b(x) = -5*x**3 - 6*x**2 + 66*x - 51. Calculate b(8).
-2467
Let q(z) = 1596*z - 24010. Give q(15).
-70
Let q(a) = a**3 + 9*a**2 - 1624*a - 195. What is q(-45)?
-15
Let i(p) = p**3 + 402*p**2 - 1611*p + 5197. What is i(-406)?
-81
Let s(r) = -2*r**3 - 211*r**2 - 715*r - 243. Determine s(-102).
-141
Let a(g) = -282*g - 58651. Determine a(-206).
-559
Let z(w) = -35*w**2 + 27*w + 112174. What is z(57)?
-2
Let m(t) = 85*t - 10091. Calculate m(88).
-2611
Let h(s) = -2*s**3 - 27*s**2 + 9*s - 70. Calculate h(-14).
0
Let y(q) = -q**3 - 52*q**2 - 76*q - 4061. Calculate y(-52).
-109
Let i(d) = 18*d**3 - 7*d**2 - 18*d + 72. What is i(-5)?
-2263
Let i(x) = x**3 - 157*x**2 - 201*x + 6817. Determine i(158).
23
Let w(u) = 51338*u + 102607. Calculate w(-2).
-69
Let r(q) = 327589*q - 3603501. Determine r(11).
-22
Let h(u) = -2*u**3 + 100*u**2 + 94*u + 406. Calculate h(51).
-2
Let k(s) = -9*s**2 + 19914*s - 39824. Give k(2).
-32
Let q(s) = 2561*s - 107442. Give q(42).
120
Let l(o) = 954*o**2 + 1452943*o + 1533. What is l(-1523)?
10
Let m(q) = -5*q**3 - 3025*q**2 - 6028*q + 1279. Give m(-603).
73
Let t(g) = 4*g**2 - 372*g - 31000. Calculate t(-53).
-48
Let t(u) = 69*u**2 - 2097*u + 2032. Give t(1).
4
Let d(b) = -790271*b + 7112445. Give d(9).
6
Let w(a) = -7642*a + 76414. Determine w(10).
-6
Let u(k) = -43*k**2 + 147*k + 211. Calculate u(10).
-2619
Let b(t) = -t**3 - 132*t**2 + 261*t + 406. Give b(3).
-26
Let u(s) = s**3 + 58*s**2 + 155*s - 352. What is u(-55)?
198
Let p(h) = h**2 - 13978*h + 265226. Calculate p(19).
5
Let o(m) = m**2 - 117831*m - 1296123. Give o(-11).
139
Let q(b) = -2*b**3 - 2*b**2 + 275*b - 2996. Calculate q(10).
-2446
Let t(n) = -n**3 - 3*n**2 - 732*n - 4382. Give t(-6).
118
Let t(d) = d**3 + d**2 - 744*d - 757. Give t(-27).
377
Let i(q) = q**3 - 43*q**2 + 353*q - 221. What is i(10)?
9
Let r(p) = -4*p**2 + 903*p + 43793. Determine r(-41).
46
Let r(g) = 1579*g + 23686. Determine r(-15).
1
Let k(q) = q**3 + 5*q**2 - 480*q - 3688. Give k(-8).
-40
Let f(x) = x**3 - 556*x**2 + 111*x - 61703. What is f(556)?
13
Let t(y) = -4*y**3 + 71*y**2 - 239*y + 1125. Give t(15).
15
Let n(a) = -52397*a - 314360. Determine n(-6).
22
Let v(y) = -47*y**3 - 4653*y**2 + 5*y + 549. Determine v(-99).
54
Let b(s) = s**3 + 127*s**2 + 4015*s - 680. Determine b(-67).
-345
Let d(q) = q**2 + 1553*q - 28211. Determine d(18).
67
Let z(h) = h**3 - 4*h**2 + 1766*h - 5301. Calculate z(3).
-12
Let s(x) = -12*x**2 - 511*x + 1270. Calculate s(-35).
4455
Let v(b) = 383*b + 32522. Give v(-85).
-33
Let s(j) = j**3 - 48*j**2 + 165*j + 10151. What is s(35)?
1
Let v(d) = d**2 - 1236*d + 101102. What is v(87)?
1139
Let w(u) = -u**3 + 8*u**2 + 1353*u - 8200. Calculate w(6).
-10
Let m(r) = -96*r + 2893. Determine m(13).
1645
Let r(z) = -z**3 + 45*z**2 - 72*z + 1228. Calculate r(44).
-4
Let k(m) = -6*m**3 + 98*m**2 - 528*m + 163. Give k(6).
-773
Let z(q) = 5*q**3 - 419*q**2 - 412*q + 6. What is z(-1)?
-6
Let d(h) = 4*h**2 + 60*h - 737. What is d(-24)?
127
Let h(i) = -16*i**2 + 181*i + 5668. Calculate h(-14).
-2
Let c(q)